{"id":5898,"date":"2023-03-22T08:53:35","date_gmt":"2023-03-22T07:53:35","guid":{"rendered":"https:\/\/wordpress-famicord-ch.empressia.dev\/pregnancy-zone-2\/%pregnancy_zone_category%\/vitamin-d3-in-der-schwangerschaft"},"modified":"2026-01-19T15:31:21","modified_gmt":"2026-01-19T14:31:21","slug":"vitamin-d3-in-der-schwangerschaft","status":"publish","type":"pregnancy_zone","link":"https:\/\/famicord.lu\/fr\/pregnancy-zone-2\/informations-sur-la-grossesse\/vitamin-d3-in-der-schwangerschaft","title":{"rendered":"Vitamine D3 pendant la grossesse"},"content":{"rendered":"<h2>Vitamine D3 &#8211; quel est son r\u00f4le dans l&#8217;organisme ?<\/h2>\n<p>La vitamine D, tout comme les vitamines A, E et K, est une vitamine liposoluble. Cela signifie que son absorption d\u00e9pend de l&#8217;alimentation que l&#8217;on consomme. La pr\u00e9sence de graisses dans les repas quotidiens est n\u00e9cessaire pour une absorption correcte. Le r\u00f4le principal de la vitamine D3 dans l&#8217;organisme est de r\u00e9guler le m\u00e9tabolisme du calcium et du phosphate et de maintenir une densit\u00e9 min\u00e9rale osseuse ad\u00e9quate. Elle permet le d\u00e9veloppement normal du syst\u00e8me squelettique du f\u0153tus. Elle influence \u00e9galement le syst\u00e8me immunitaire. Pendant la grossesse, la vitamine D joue probablement un r\u00f4le dans la survenue de fausses couches \u00e0 r\u00e9p\u00e9tition ou est un facteur de protection en cas de pr\u00e9-\u00e9clampsie.<\/p>\n<h2>Doses de vitamine D3 pendant la grossesse<\/h2>\n<p>La vitamine D3 est synth\u00e9tis\u00e9e dans la peau humaine lorsqu&#8217;elle est expos\u00e9e aux rayons UV. Sous nos latitudes, cela est possible entre mai et septembre si l&#8217;on s&#8217;expose au soleil pendant au moins une demi-heure sans utiliser de filtres. Or, on sait que les filtres UV sont indispensables, notamment pour les femmes enceintes, car ils permettent d&#8217;\u00e9viter les coups de soleil ou la d\u00e9coloration. Une exposition excessive au soleil peut favoriser l&#8217;apparition d&#8217;un carcinome \u00e9pidermo\u00efde. C&#8217;est pourquoi il est recommand\u00e9 \u00e0 toutes les femmes enceintes de se suppl\u00e9menter en vitamine D3 \u00e0 une dose de 1500-2000 UI. Chez les femmes en surpoids, cette dose peut \u00eatre augment\u00e9e \u00e0 4000 UI. Il est toutefois d\u00e9conseill\u00e9 de prendre des quantit\u00e9s plus \u00e9lev\u00e9es en raison des effets secondaires.<\/p>\n<h2>Produits de vitamine D<\/h2>\n<p>Outre l&#8217;exposition au soleil et la prise de vitamine D sous forme de comprim\u00e9s, vous pouvez, pendant la grossesse, opter pour des aliments qui contiennent cette vitamine de mani\u00e8re naturelle. On la trouve notamment dans les poissons gras comme le hareng, le maquereau et le saumon, ainsi que dans le jaune d&#8217;\u0153uf. On trouve \u00e9galement de la vitamine D dans le lait et les fromages gras.<\/p>\n","protected":false},"excerpt":{"rendered":"<p>Selon les recommandations des gyn\u00e9cologues et des obst\u00e9triciens, toute femme enceinte devrait consommer de la vitamine D3 pendant sa grossesse. Cela s&#8217;explique par le r\u00f4le qu&#8217;elle joue dans le bon fonctionnement de l&#8217;organisme. D\u00e9couvrez quelles sont les doses de vitamine D recommand\u00e9es pendant la grossesse.<\/p>\n","protected":false},"author":2,"featured_media":4909,"template":"","pregnancy_zone_category":[91],"class_list":["post-5898","pregnancy_zone","type-pregnancy_zone","status-publish","has-post-thumbnail","hentry","pregnancy_zone_category-informations-sur-la-grossesse"],"acf":[],"yoast_head":"<!-- This site is optimized with the Yoast SEO plugin v27.3 - https:\/\/yoast.com\/product\/yoast-seo-wordpress\/ -->\n<title>Vitamine D3 pendant la grossesse | FamiCord<\/title>\n<meta name=\"description\" content=\"Vitamine D3 pendant la grossesse : r\u00f4le dans le d\u00e9veloppement du f\u0153tus, la sant\u00e9 osseuse, l\u2019immunit\u00e9 et recommandations de suppl\u00e9mentation.\" \/>\n<meta name=\"robots\" content=\"index, follow, max-snippet:-1, max-image-preview:large, max-video-preview:-1\" \/>\n<link rel=\"canonical\" href=\"https:\/\/famicord.lu\/fr\/pregnancy-zone-2\/informations-sur-la-grossesse\/vitamin-d3-in-der-schwangerschaft\" \/>\n<meta property=\"og:locale\" content=\"fr_FR\" \/>\n<meta property=\"og:type\" content=\"article\" \/>\n<meta property=\"og:title\" content=\"Vitamine D3 pendant la grossesse | FamiCord\" \/>\n<meta property=\"og:description\" content=\"Vitamine D3 pendant la grossesse : r\u00f4le dans le d\u00e9veloppement du f\u0153tus, la sant\u00e9 osseuse, l\u2019immunit\u00e9 et recommandations de suppl\u00e9mentation.\" \/>\n<meta property=\"og:url\" content=\"https:\/\/famicord.lu\/fr\/pregnancy-zone-2\/informations-sur-la-grossesse\/vitamin-d3-in-der-schwangerschaft\" \/>\n<meta property=\"og:site_name\" content=\"Famicord Suisse\" \/>\n<meta property=\"article:modified_time\" content=\"2026-01-19T14:31:21+00:00\" \/>\n<meta property=\"og:image\" content=\"https:\/\/famicord.lu\/wp-content\/uploads\/2024\/08\/Vitamin_D3.jpg\" \/>\n\t<meta property=\"og:image:width\" content=\"640\" \/>\n\t<meta property=\"og:image:height\" content=\"426\" \/>\n\t<meta property=\"og:image:type\" content=\"image\/jpeg\" \/>\n<meta name=\"twitter:card\" content=\"summary_large_image\" \/>\n<meta name=\"twitter:label1\" content=\"Est. reading time\" \/>\n\t<meta name=\"twitter:data1\" content=\"2 minutes\" \/>\n<script type=\"application\/ld+json\" class=\"yoast-schema-graph\">{\"@context\":\"https:\\\/\\\/schema.org\",\"@graph\":[{\"@type\":\"WebPage\",\"@id\":\"https:\\\/\\\/famicord.lu\\\/fr\\\/pregnancy-zone-2\\\/informations-sur-la-grossesse\\\/vitamin-d3-in-der-schwangerschaft\",\"url\":\"https:\\\/\\\/famicord.lu\\\/fr\\\/pregnancy-zone-2\\\/informations-sur-la-grossesse\\\/vitamin-d3-in-der-schwangerschaft\",\"name\":\"Vitamine D3 pendant la grossesse | FamiCord\",\"isPartOf\":{\"@id\":\"https:\\\/\\\/famicord.lu\\\/fr#website\"},\"primaryImageOfPage\":{\"@id\":\"https:\\\/\\\/famicord.lu\\\/fr\\\/pregnancy-zone-2\\\/informations-sur-la-grossesse\\\/vitamin-d3-in-der-schwangerschaft#primaryimage\"},\"image\":{\"@id\":\"https:\\\/\\\/famicord.lu\\\/fr\\\/pregnancy-zone-2\\\/informations-sur-la-grossesse\\\/vitamin-d3-in-der-schwangerschaft#primaryimage\"},\"thumbnailUrl\":\"https:\\\/\\\/famicord.lu\\\/wp-content\\\/uploads\\\/2024\\\/08\\\/Vitamin_D3.jpg\",\"datePublished\":\"2023-03-22T07:53:35+00:00\",\"dateModified\":\"2026-01-19T14:31:21+00:00\",\"description\":\"Vitamine D3 pendant la grossesse : r\u00f4le dans le d\u00e9veloppement du f\u0153tus, la sant\u00e9 osseuse, l\u2019immunit\u00e9 et recommandations de suppl\u00e9mentation.\",\"breadcrumb\":{\"@id\":\"https:\\\/\\\/famicord.lu\\\/fr\\\/pregnancy-zone-2\\\/informations-sur-la-grossesse\\\/vitamin-d3-in-der-schwangerschaft#breadcrumb\"},\"inLanguage\":\"fr-LU\",\"potentialAction\":[{\"@type\":\"ReadAction\",\"target\":[\"https:\\\/\\\/famicord.lu\\\/fr\\\/pregnancy-zone-2\\\/informations-sur-la-grossesse\\\/vitamin-d3-in-der-schwangerschaft\"]}]},{\"@type\":\"ImageObject\",\"inLanguage\":\"fr-LU\",\"@id\":\"https:\\\/\\\/famicord.lu\\\/fr\\\/pregnancy-zone-2\\\/informations-sur-la-grossesse\\\/vitamin-d3-in-der-schwangerschaft#primaryimage\",\"url\":\"https:\\\/\\\/famicord.lu\\\/wp-content\\\/uploads\\\/2024\\\/08\\\/Vitamin_D3.jpg\",\"contentUrl\":\"https:\\\/\\\/famicord.lu\\\/wp-content\\\/uploads\\\/2024\\\/08\\\/Vitamin_D3.jpg\",\"width\":640,\"height\":426},{\"@type\":\"BreadcrumbList\",\"@id\":\"https:\\\/\\\/famicord.lu\\\/fr\\\/pregnancy-zone-2\\\/informations-sur-la-grossesse\\\/vitamin-d3-in-der-schwangerschaft#breadcrumb\",\"itemListElement\":[{\"@type\":\"ListItem\",\"position\":1,\"name\":\"Home\",\"item\":\"https:\\\/\\\/famicord.lu\\\/fr\"},{\"@type\":\"ListItem\",\"position\":2,\"name\":\"FamiBlog\",\"item\":\"https:\\\/\\\/famicord.lu\\\/fr\\\/pregnancy-zone-2\"},{\"@type\":\"ListItem\",\"position\":3,\"name\":\"Vitamine D3 pendant la grossesse\"}]},{\"@type\":\"WebSite\",\"@id\":\"https:\\\/\\\/famicord.lu\\\/fr#website\",\"url\":\"https:\\\/\\\/famicord.lu\\\/fr\",\"name\":\"FamiCord Suisse\",\"description\":\"\",\"potentialAction\":[{\"@type\":\"SearchAction\",\"target\":{\"@type\":\"EntryPoint\",\"urlTemplate\":\"https:\\\/\\\/famicord.lu\\\/fr?s={search_term_string}\"},\"query-input\":{\"@type\":\"PropertyValueSpecification\",\"valueRequired\":true,\"valueName\":\"search_term_string\"}}],\"inLanguage\":\"fr-LU\"}]}<\/script>\n<!-- \/ Yoast SEO plugin. -->","yoast_head_json":{"title":"Vitamine D3 pendant la grossesse | FamiCord","description":"Vitamine D3 pendant la grossesse : r\u00f4le dans le d\u00e9veloppement du f\u0153tus, la sant\u00e9 osseuse, l\u2019immunit\u00e9 et recommandations de suppl\u00e9mentation.","robots":{"index":"index","follow":"follow","max-snippet":"max-snippet:-1","max-image-preview":"max-image-preview:large","max-video-preview":"max-video-preview:-1"},"canonical":"https:\/\/famicord.lu\/fr\/pregnancy-zone-2\/informations-sur-la-grossesse\/vitamin-d3-in-der-schwangerschaft","og_locale":"fr_FR","og_type":"article","og_title":"Vitamine D3 pendant la grossesse | FamiCord","og_description":"Vitamine D3 pendant la grossesse : r\u00f4le dans le d\u00e9veloppement du f\u0153tus, la sant\u00e9 osseuse, l\u2019immunit\u00e9 et recommandations de suppl\u00e9mentation.","og_url":"https:\/\/famicord.lu\/fr\/pregnancy-zone-2\/informations-sur-la-grossesse\/vitamin-d3-in-der-schwangerschaft","og_site_name":"Famicord Suisse","article_modified_time":"2026-01-19T14:31:21+00:00","og_image":[{"width":640,"height":426,"url":"https:\/\/famicord.lu\/wp-content\/uploads\/2024\/08\/Vitamin_D3.jpg","type":"image\/jpeg"}],"twitter_card":"summary_large_image","twitter_misc":{"Est. reading time":"2 minutes"},"schema":{"@context":"https:\/\/schema.org","@graph":[{"@type":"WebPage","@id":"https:\/\/famicord.lu\/fr\/pregnancy-zone-2\/informations-sur-la-grossesse\/vitamin-d3-in-der-schwangerschaft","url":"https:\/\/famicord.lu\/fr\/pregnancy-zone-2\/informations-sur-la-grossesse\/vitamin-d3-in-der-schwangerschaft","name":"Vitamine D3 pendant la grossesse | FamiCord","isPartOf":{"@id":"https:\/\/famicord.lu\/fr#website"},"primaryImageOfPage":{"@id":"https:\/\/famicord.lu\/fr\/pregnancy-zone-2\/informations-sur-la-grossesse\/vitamin-d3-in-der-schwangerschaft#primaryimage"},"image":{"@id":"https:\/\/famicord.lu\/fr\/pregnancy-zone-2\/informations-sur-la-grossesse\/vitamin-d3-in-der-schwangerschaft#primaryimage"},"thumbnailUrl":"https:\/\/famicord.lu\/wp-content\/uploads\/2024\/08\/Vitamin_D3.jpg","datePublished":"2023-03-22T07:53:35+00:00","dateModified":"2026-01-19T14:31:21+00:00","description":"Vitamine D3 pendant la grossesse : r\u00f4le dans le d\u00e9veloppement du f\u0153tus, la sant\u00e9 osseuse, l\u2019immunit\u00e9 et recommandations de suppl\u00e9mentation.","breadcrumb":{"@id":"https:\/\/famicord.lu\/fr\/pregnancy-zone-2\/informations-sur-la-grossesse\/vitamin-d3-in-der-schwangerschaft#breadcrumb"},"inLanguage":"fr-LU","potentialAction":[{"@type":"ReadAction","target":["https:\/\/famicord.lu\/fr\/pregnancy-zone-2\/informations-sur-la-grossesse\/vitamin-d3-in-der-schwangerschaft"]}]},{"@type":"ImageObject","inLanguage":"fr-LU","@id":"https:\/\/famicord.lu\/fr\/pregnancy-zone-2\/informations-sur-la-grossesse\/vitamin-d3-in-der-schwangerschaft#primaryimage","url":"https:\/\/famicord.lu\/wp-content\/uploads\/2024\/08\/Vitamin_D3.jpg","contentUrl":"https:\/\/famicord.lu\/wp-content\/uploads\/2024\/08\/Vitamin_D3.jpg","width":640,"height":426},{"@type":"BreadcrumbList","@id":"https:\/\/famicord.lu\/fr\/pregnancy-zone-2\/informations-sur-la-grossesse\/vitamin-d3-in-der-schwangerschaft#breadcrumb","itemListElement":[{"@type":"ListItem","position":1,"name":"Home","item":"https:\/\/famicord.lu\/fr"},{"@type":"ListItem","position":2,"name":"FamiBlog","item":"https:\/\/famicord.lu\/fr\/pregnancy-zone-2"},{"@type":"ListItem","position":3,"name":"Vitamine D3 pendant la grossesse"}]},{"@type":"WebSite","@id":"https:\/\/famicord.lu\/fr#website","url":"https:\/\/famicord.lu\/fr","name":"FamiCord Suisse","description":"","potentialAction":[{"@type":"SearchAction","target":{"@type":"EntryPoint","urlTemplate":"https:\/\/famicord.lu\/fr?s={search_term_string}"},"query-input":{"@type":"PropertyValueSpecification","valueRequired":true,"valueName":"search_term_string"}}],"inLanguage":"fr-LU"}]}},"_links":{"self":[{"href":"https:\/\/famicord.lu\/fr\/wp-json\/wp\/v2\/pregnancy_zone\/5898","targetHints":{"allow":["GET"]}}],"collection":[{"href":"https:\/\/famicord.lu\/fr\/wp-json\/wp\/v2\/pregnancy_zone"}],"about":[{"href":"https:\/\/famicord.lu\/fr\/wp-json\/wp\/v2\/types\/pregnancy_zone"}],"author":[{"embeddable":true,"href":"https:\/\/famicord.lu\/fr\/wp-json\/wp\/v2\/users\/2"}],"wp:featuredmedia":[{"embeddable":true,"href":"https:\/\/famicord.lu\/fr\/wp-json\/wp\/v2\/media\/4909"}],"wp:attachment":[{"href":"https:\/\/famicord.lu\/fr\/wp-json\/wp\/v2\/media?parent=5898"}],"wp:term":[{"taxonomy":"pregnancy_zone_category","embeddable":true,"href":"https:\/\/famicord.lu\/fr\/wp-json\/wp\/v2\/pregnancy_zone_category?post=5898"}],"curies":[{"name":"wp","href":"https:\/\/api.w.org\/{rel}","templated":true}]}}

<h2>Vitamine D3 &#8211; quel est son rôle dans l&#8217;organisme ?</h2>
<p>La vitamine D, tout comme les vitamines A, E et K, est une vitamine liposoluble. Cela signifie que son absorption dépend de l&#8217;alimentation que l&#8217;on consomme. La présence de graisses dans les repas quotidiens est nécessaire pour une absorption correcte. Le rôle principal de la vitamine D3 dans l&#8217;organisme est de réguler le métabolisme du calcium et du phosphate et de maintenir une densité minérale osseuse adéquate. Elle permet le développement normal du système squelettique du fœtus. Elle influence également le système immunitaire. Pendant la grossesse, la vitamine D joue probablement un rôle dans la survenue de fausses couches à répétition ou est un facteur de protection en cas de pré-éclampsie.</p>
<h2>Doses de vitamine D3 pendant la grossesse</h2>
<p>La vitamine D3 est synthétisée dans la peau humaine lorsqu&#8217;elle est exposée aux rayons UV. Sous nos latitudes, cela est possible entre mai et septembre si l&#8217;on s&#8217;expose au soleil pendant au moins une demi-heure sans utiliser de filtres. Or, on sait que les filtres UV sont indispensables, notamment pour les femmes enceintes, car ils permettent d&#8217;éviter les coups de soleil ou la décoloration. Une exposition excessive au soleil peut favoriser l&#8217;apparition d&#8217;un carcinome épidermoïde. C&#8217;est pourquoi il est recommandé à toutes les femmes enceintes de se supplémenter en vitamine D3 à une dose de 1500-2000 UI. Chez les femmes en surpoids, cette dose peut être augmentée à 4000 UI. Il est toutefois déconseillé de prendre des quantités plus élevées en raison des effets secondaires.</p>
<h2>Produits de vitamine D</h2>
<p>Outre l&#8217;exposition au soleil et la prise de vitamine D sous forme de comprimés, vous pouvez, pendant la grossesse, opter pour des aliments qui contiennent cette vitamine de manière naturelle. On la trouve notamment dans les poissons gras comme le hareng, le maquereau et le saumon, ainsi que dans le jaune d&#8217;œuf. On trouve également de la vitamine D dans le lait et les fromages gras.</p>

<p>Selon les recommandations des gynécologues et des obstétriciens, toute femme enceinte devrait consommer de la vitamine D3 pendant sa grossesse. Cela s&#8217;explique par le rôle qu&#8217;elle joue dans le bon fonctionnement de l&#8217;organisme. Découvrez quelles sont les doses de vitamine D recommandées pendant la grossesse.</p>

<!-- This site is optimized with the Yoast SEO plugin v27.3 - https://yoast.com/product/yoast-seo-wordpress/ -->
<title>Vitamine D3 pendant la grossesse | FamiCord</title>
<meta name="description" content="Vitamine D3 pendant la grossesse : rôle dans le développement du fœtus, la santé osseuse, l’immunité et recommandations de supplémentation." />
<meta name="robots" content="index, follow, max-snippet:-1, max-image-preview:large, max-video-preview:-1" />
<link rel="canonical" href="https://famicord.lu/fr/pregnancy-zone-2/informations-sur-la-grossesse/vitamin-d3-in-der-schwangerschaft" />
<meta property="og:locale" content="fr_FR" />
<meta property="og:type" content="article" />
<meta property="og:title" content="Vitamine D3 pendant la grossesse | FamiCord" />
<meta property="og:description" content="Vitamine D3 pendant la grossesse : rôle dans le développement du fœtus, la santé osseuse, l’immunité et recommandations de supplémentation." />
<meta property="og:url" content="https://famicord.lu/fr/pregnancy-zone-2/informations-sur-la-grossesse/vitamin-d3-in-der-schwangerschaft" />
<meta property="og:site_name" content="Famicord Suisse" />
<meta property="article:modified_time" content="2026-01-19T14:31:21+00:00" />
<meta property="og:image" content="https://famicord.lu/wp-content/uploads/2024/08/Vitamin_D3.jpg" />
	<meta property="og:image:width" content="640" />
	<meta property="og:image:height" content="426" />
	<meta property="og:image:type" content="image/jpeg" />
<meta name="twitter:card" content="summary_large_image" />
<meta name="twitter:label1" content="Est. reading time" />
	<meta name="twitter:data1" content="2 minutes" />
<script type="application/ld+json" class="yoast-schema-graph">{"@context":"https:\/\/schema.org","@graph":[{"@type":"WebPage","@id":"https:\/\/famicord.lu\/fr\/pregnancy-zone-2\/informations-sur-la-grossesse\/vitamin-d3-in-der-schwangerschaft","url":"https:\/\/famicord.lu\/fr\/pregnancy-zone-2\/informations-sur-la-grossesse\/vitamin-d3-in-der-schwangerschaft","name":"Vitamine D3 pendant la grossesse | FamiCord","isPartOf":{"@id":"https:\/\/famicord.lu\/fr#website"},"primaryImageOfPage":{"@id":"https:\/\/famicord.lu\/fr\/pregnancy-zone-2\/informations-sur-la-grossesse\/vitamin-d3-in-der-schwangerschaft#primaryimage"},"image":{"@id":"https:\/\/famicord.lu\/fr\/pregnancy-zone-2\/informations-sur-la-grossesse\/vitamin-d3-in-der-schwangerschaft#primaryimage"},"thumbnailUrl":"https:\/\/famicord.lu\/wp-content\/uploads\/2024\/08\/Vitamin_D3.jpg","datePublished":"2023-03-22T07:53:35+00:00","dateModified":"2026-01-19T14:31:21+00:00","description":"Vitamine D3 pendant la grossesse : rôle dans le développement du fœtus, la santé osseuse, l’immunité et recommandations de supplémentation.","breadcrumb":{"@id":"https:\/\/famicord.lu\/fr\/pregnancy-zone-2\/informations-sur-la-grossesse\/vitamin-d3-in-der-schwangerschaft#breadcrumb"},"inLanguage":"fr-LU","potentialAction":[{"@type":"ReadAction","target":["https:\/\/famicord.lu\/fr\/pregnancy-zone-2\/informations-sur-la-grossesse\/vitamin-d3-in-der-schwangerschaft"]}]},{"@type":"ImageObject","inLanguage":"fr-LU","@id":"https:\/\/famicord.lu\/fr\/pregnancy-zone-2\/informations-sur-la-grossesse\/vitamin-d3-in-der-schwangerschaft#primaryimage","url":"https:\/\/famicord.lu\/wp-content\/uploads\/2024\/08\/Vitamin_D3.jpg","contentUrl":"https:\/\/famicord.lu\/wp-content\/uploads\/2024\/08\/Vitamin_D3.jpg","width":640,"height":426},{"@type":"BreadcrumbList","@id":"https:\/\/famicord.lu\/fr\/pregnancy-zone-2\/informations-sur-la-grossesse\/vitamin-d3-in-der-schwangerschaft#breadcrumb","itemListElement":[{"@type":"ListItem","position":1,"name":"Home","item":"https:\/\/famicord.lu\/fr"},{"@type":"ListItem","position":2,"name":"FamiBlog","item":"https:\/\/famicord.lu\/fr\/pregnancy-zone-2"},{"@type":"ListItem","position":3,"name":"Vitamine D3 pendant la grossesse"}]},{"@type":"WebSite","@id":"https:\/\/famicord.lu\/fr#website","url":"https:\/\/famicord.lu\/fr","name":"FamiCord Suisse","description":"","potentialAction":[{"@type":"SearchAction","target":{"@type":"EntryPoint","urlTemplate":"https:\/\/famicord.lu\/fr?s={search_term_string}"},"query-input":{"@type":"PropertyValueSpecification","valueRequired":true,"valueName":"search_term_string"}}],"inLanguage":"fr-LU"}]}</script>
<!-- / Yoast SEO plugin. -->

Vitamine D3 pendant la grossesse : rôle dans le développement du fœtus, la santé osseuse, l’immunité et recommandations de supplémentation.
